{"id":1314,"date":"2015-09-11T20:23:08","date_gmt":"2015-09-11T19:23:08","guid":{"rendered":"http:\/\/christiansanti.it\/?page_id=1314"},"modified":"2015-09-11T20:23:08","modified_gmt":"2015-09-11T19:23:08","slug":"turchia","status":"publish","type":"page","link":"http:\/\/christiansanti.it\/?page_id=1314","title":{"rendered":"Turchia"},"content":{"rendered":"<p>il 2015 mi ha portato un bella novit\u00e0 in tema di viaggi.<\/p>\n<p>Dopo 12 anni e tante mete sono diventato coordinatore di &#8220;Avventure nel Mondo&#8221;. Questo \u00e8 stato il mio primo tour in questa veste e sono molto soddisfatto per due motivi: innanzitutto ho avuto un gruppo di persone positive e predisposte al viaggio; secondariamente \u00a0la Turchia \u00e8 una meta molto varia e interessante.<\/p>\n<p>Il nostro viaggio \u00e8 partito con una visita di tre giorni all&#8217;affascinante Istanbul, che consiglio caldamente per un weekend lungo. Crocevia storicamente\u00a0di popoli, mercanti e religioni rappresenta il vero punto di incontro tra Europa ed Asia; metropoli da circa 14 milioni di abitanti molto caotica ma ricchissima di arte e storia; ci si pu\u00f2 perdere tra moschee, palazzi fastosi e quartieri diversissimi tra loro che testimoniano la mescolanza di etnie qui presente da sempre.<\/p>\n<p>Attraverso una veloce visita di Ankara siamo approdati per un paio di giorni in Cappadocia, regione al centro del paese famosa per le caratteristiche conformazioni rocciose a pinnacolo che, scavate all&#8217;interno, erano usate nell&#8217;antichit\u00e0 come abitazioni dai monaci.<\/p>\n<p>Imperdibile il giro in mongolfiera a Goreme, fattibile anche per i paurosi poich\u00e9 il bordo del mezzo \u00e8 piuttosto alto:all&#8217;alba si volteggia su un paesaggio fiabesco perdendosi in un mare di mongolfiere che rendono l&#8217;atmosfera davvero unica.<\/p>\n<p>Un lungo trasferimento di 12 ore in pulmino di ha portato verso la costa Turchese dove abbiamo apprezzato soprattutto la localit\u00e0 balneare di Kas e le escursioni che offre, come quella alla citt\u00e0 sommersa di Kekova ed all&#8217;isola greca di Kastellorizo, dove \u00e8 stato girato il celeberrimo film &#8220;Mediterraneo&#8221; di Salvatores, premiato con l&#8217;oscar.<\/p>\n<p>La Turchia \u00e8 soprattutto storia antica ed incrocio di dominazioni romane, greche, bizantine, arabe e quindi le rovine ed i siti archeologici sono davvero tantissimi ed interessanti; nel sud del paese abbiamo visitato Pamukkale, famosa per la vasche in travertino in cui \u00e8 possibile bagnarsi e godere del paesaggio sulla vallata; altra visita ad Afrodisia, citt\u00e0 immersa nel verde della campagna con uno degli stadi antichi meglio conservati ed un famoso tempio dedicato ad Afrodite. gran finale con Efeso, uno dei siti piu&#8217; famosi dell&#8217;Asia minore che merita una visita approfondita anche nelle case a &#8220;terrazza&#8221; che ricordano per gli affreschi la nostra Pompei.<\/p>\n<p>La Turchia \u00e8 un paese davvero interessante e variegato, consiglio questa meta anche a viaggiatori non amanti dell&#8217;avventura, ma che vogliono rilassarsi e vedere posti interessanti sia dal punto di vista culturale che naturale.<\/p>\n<p>oltre alla classica photo gallery qui sotto,<\/p>\n<p><a href=\"https:\/\/youtu.be\/GDLkAaOZaGM\">a questo link<\/a>\u00a0trovate un video dedicato al viaggio buona visione!<\/p>\n<div id=\"scrollLightboxGallery_427468904_1\" class=\"bmo_the_gallery bmo_scrollLightboxGallery\">\n            \t\t<div class=\"bmo_the_gallery_thumb_area\">\n                \t\t<div class=\"bmo_the_gallery_thumbs\"><div class=\"bmo_the_gallery_image\"><a href=\"http:\/\/christiansanti.it\/wp-content\/uploads\/2015\/09\/006-istanbul.jpg\"><img src=\"http:\/\/christiansanti.it\/wp-content\/uploads\/2015\/09\/006-istanbul-150x150.jpg\" alt=\"006 istanbul\" title=\"\"\/><\/a>\n                         <div class=\"bmo_the_gallery_caption\"><p class=\"caption_title\">006 istanbul<\/p><p><\/p><\/div><\/div><div class=\"bmo_the_gallery_image\"><a href=\"http:\/\/christiansanti.it\/wp-content\/uploads\/2015\/09\/034-istanbul.jpg\"><img src=\"http:\/\/christiansanti.it\/wp-content\/uploads\/2015\/09\/034-istanbul-150x150.jpg\" alt=\"034 istanbul\" title=\"\"\/><\/a>\n                         <div class=\"bmo_the_gallery_caption\"><p class=\"caption_title\">034 istanbul<\/p><p><\/p><\/div><\/div><div class=\"bmo_the_gallery_image\"><a href=\"http:\/\/christiansanti.it\/wp-content\/uploads\/2015\/09\/073-istanbul.jpg\"><img src=\"http:\/\/christiansanti.it\/wp-content\/uploads\/2015\/09\/073-istanbul-150x150.jpg\" alt=\"073 istanbul\" title=\"\"\/><\/a>\n                         <div class=\"bmo_the_gallery_caption\"><p class=\"caption_title\">073 istanbul<\/p><p><\/p><\/div><\/div><div class=\"bmo_the_gallery_image\"><a href=\"http:\/\/christiansanti.it\/wp-content\/uploads\/2015\/09\/188-istanbul.jpg\"><img src=\"http:\/\/christiansanti.it\/wp-content\/uploads\/2015\/09\/188-istanbul-150x150.jpg\" alt=\"188 istanbul\" title=\"Istanbul\"\/><\/a>\n                         <div class=\"bmo_the_gallery_caption\"><p class=\"caption_title\">188 istanbul<\/p><p>Istanbul<\/p><\/div><\/div><div class=\"bmo_the_gallery_image\"><a href=\"http:\/\/christiansanti.it\/wp-content\/uploads\/2015\/09\/076-istanbul.jpg\"><img src=\"http:\/\/christiansanti.it\/wp-content\/uploads\/2015\/09\/076-istanbul-150x150.jpg\" alt=\"076 istanbul\" title=\"Istanbul\"\/><\/a>\n                         <div class=\"bmo_the_gallery_caption\"><p class=\"caption_title\">076 istanbul<\/p><p>Istanbul<\/p><\/div><\/div><div class=\"bmo_the_gallery_image\"><a href=\"http:\/\/christiansanti.it\/wp-content\/uploads\/2015\/09\/080-istanbul.jpg\"><img src=\"http:\/\/christiansanti.it\/wp-content\/uploads\/2015\/09\/080-istanbul-150x150.jpg\" alt=\"080 istanbul\" title=\"Istanbul\"\/><\/a>\n                         <div class=\"bmo_the_gallery_caption\"><p class=\"caption_title\">080 istanbul<\/p><p>Istanbul<\/p><\/div><\/div><div class=\"bmo_the_gallery_image\"><a href=\"http:\/\/christiansanti.it\/wp-content\/uploads\/2015\/09\/111-istanbul.jpg\"><img src=\"http:\/\/christiansanti.it\/wp-content\/uploads\/2015\/09\/111-istanbul-150x150.jpg\" alt=\"111 istanbul\" title=\"Istanbul\"\/><\/a>\n                         <div class=\"bmo_the_gallery_caption\"><p class=\"caption_title\">111 istanbul<\/p><p>Istanbul<\/p><\/div><\/div><div class=\"bmo_the_gallery_image\"><a href=\"http:\/\/christiansanti.it\/wp-content\/uploads\/2015\/09\/132-istanbul.jpg\"><img src=\"http:\/\/christiansanti.it\/wp-content\/uploads\/2015\/09\/132-istanbul-150x150.jpg\" alt=\"132 istanbul\" title=\"Istanbul\"\/><\/a>\n                         <div class=\"bmo_the_gallery_caption\"><p class=\"caption_title\">132 istanbul<\/p><p>Istanbul<\/p><\/div><\/div><div class=\"bmo_the_gallery_image\"><a href=\"http:\/\/christiansanti.it\/wp-content\/uploads\/2015\/09\/133-istanbul.jpg\"><img src=\"http:\/\/christiansanti.it\/wp-content\/uploads\/2015\/09\/133-istanbul-150x150.jpg\" alt=\"133 istanbul\" title=\"Istanbul\"\/><\/a>\n                         <div class=\"bmo_the_gallery_caption\"><p class=\"caption_title\">133 istanbul<\/p><p>Istanbul<\/p><\/div><\/div><div class=\"bmo_the_gallery_image\"><a href=\"http:\/\/christiansanti.it\/wp-content\/uploads\/2015\/09\/193-istanbul.jpg\"><img src=\"http:\/\/christiansanti.it\/wp-content\/uploads\/2015\/09\/193-istanbul-150x150.jpg\" alt=\"193 istanbul\" title=\"Istanbul\"\/><\/a>\n                         <div class=\"bmo_the_gallery_caption\"><p class=\"caption_title\">193 istanbul<\/p><p>Istanbul<\/p><\/div><\/div><div class=\"bmo_the_gallery_image\"><a href=\"http:\/\/christiansanti.it\/wp-content\/uploads\/2015\/09\/208-istanbul.jpg\"><img src=\"http:\/\/christiansanti.it\/wp-content\/uploads\/2015\/09\/208-istanbul-150x150.jpg\" alt=\"208 istanbul\" title=\"Istanbul\"\/><\/a>\n                         <div class=\"bmo_the_gallery_caption\"><p class=\"caption_title\">208 istanbul<\/p><p>Istanbul<\/p><\/div><\/div><div class=\"bmo_the_gallery_image\"><a href=\"http:\/\/christiansanti.it\/wp-content\/uploads\/2015\/09\/209-istanbul.jpg\"><img src=\"http:\/\/christiansanti.it\/wp-content\/uploads\/2015\/09\/209-istanbul-150x150.jpg\" alt=\"209 istanbul\" title=\"Istanbul\"\/><\/a>\n                         <div class=\"bmo_the_gallery_caption\"><p class=\"caption_title\">209 istanbul<\/p><p>Istanbul<\/p><\/div><\/div><div class=\"bmo_the_gallery_image\"><a href=\"http:\/\/christiansanti.it\/wp-content\/uploads\/2015\/09\/209-cappadocia.jpg\"><img src=\"http:\/\/christiansanti.it\/wp-content\/uploads\/2015\/09\/209-cappadocia-150x150.jpg\" alt=\"209 cappadocia\" title=\"Cappadocia\"\/><\/a>\n                         <div class=\"bmo_the_gallery_caption\"><p class=\"caption_title\">209 cappadocia<\/p><p>Cappadocia<\/p><\/div><\/div><div class=\"bmo_the_gallery_image\"><a href=\"http:\/\/christiansanti.it\/wp-content\/uploads\/2015\/09\/229-cappadocia.jpg\"><img src=\"http:\/\/christiansanti.it\/wp-content\/uploads\/2015\/09\/229-cappadocia-150x150.jpg\" alt=\"229 cappadocia\" title=\"Cappadocia\"\/><\/a>\n                         <div class=\"bmo_the_gallery_caption\"><p class=\"caption_title\">229 cappadocia<\/p><p>Cappadocia<\/p><\/div><\/div><div class=\"bmo_the_gallery_image\"><a href=\"http:\/\/christiansanti.it\/wp-content\/uploads\/2015\/09\/240-cappadocia.jpg\"><img src=\"http:\/\/christiansanti.it\/wp-content\/uploads\/2015\/09\/240-cappadocia-150x150.jpg\" alt=\"240 cappadocia\" title=\"Cappadocia\"\/><\/a>\n                         <div class=\"bmo_the_gallery_caption\"><p class=\"caption_title\">240 cappadocia<\/p><p>Cappadocia<\/p><\/div><\/div><div class=\"bmo_the_gallery_image\"><a href=\"http:\/\/christiansanti.it\/wp-content\/uploads\/2015\/09\/252-cappadocia.jpg\"><img src=\"http:\/\/christiansanti.it\/wp-content\/uploads\/2015\/09\/252-cappadocia-150x150.jpg\" alt=\"252 cappadocia\" title=\"Cappadocia\"\/><\/a>\n                         <div class=\"bmo_the_gallery_caption\"><p class=\"caption_title\">252 cappadocia<\/p><p>Cappadocia<\/p><\/div><\/div><div class=\"bmo_the_gallery_image\"><a href=\"http:\/\/christiansanti.it\/wp-content\/uploads\/2015\/09\/253-cappadocia.jpg\"><img src=\"http:\/\/christiansanti.it\/wp-content\/uploads\/2015\/09\/253-cappadocia-150x150.jpg\" alt=\"253 cappadocia\" title=\"Cappadocia\"\/><\/a>\n                         <div class=\"bmo_the_gallery_caption\"><p class=\"caption_title\">253 cappadocia<\/p><p>Cappadocia<\/p><\/div><\/div><div class=\"bmo_the_gallery_image\"><a href=\"http:\/\/christiansanti.it\/wp-content\/uploads\/2015\/09\/269-cappadocia.jpg\"><img src=\"http:\/\/christiansanti.it\/wp-content\/uploads\/2015\/09\/269-cappadocia-150x150.jpg\" alt=\"269 cappadocia\" title=\"Cappadocia\"\/><\/a>\n                         <div class=\"bmo_the_gallery_caption\"><p class=\"caption_title\">269 cappadocia<\/p><p>Cappadocia<\/p><\/div><\/div><div class=\"bmo_the_gallery_image\"><a href=\"http:\/\/christiansanti.it\/wp-content\/uploads\/2015\/09\/275-cappadocia.jpg\"><img src=\"http:\/\/christiansanti.it\/wp-content\/uploads\/2015\/09\/275-cappadocia-150x150.jpg\" alt=\"275 cappadocia\" title=\"Cappadocia\"\/><\/a>\n                         <div class=\"bmo_the_gallery_caption\"><p class=\"caption_title\">275 cappadocia<\/p><p>Cappadocia<\/p><\/div><\/div><div class=\"bmo_the_gallery_image\"><a href=\"http:\/\/christiansanti.it\/wp-content\/uploads\/2015\/09\/278-cappadocia.jpg\"><img src=\"http:\/\/christiansanti.it\/wp-content\/uploads\/2015\/09\/278-cappadocia-150x150.jpg\" alt=\"278 cappadocia\" title=\"Cappadocia\"\/><\/a>\n                         <div class=\"bmo_the_gallery_caption\"><p class=\"caption_title\">278 cappadocia<\/p><p>Cappadocia<\/p><\/div><\/div><div class=\"bmo_the_gallery_image\"><a href=\"http:\/\/christiansanti.it\/wp-content\/uploads\/2015\/09\/285-cappadocia.jpg\"><img src=\"http:\/\/christiansanti.it\/wp-content\/uploads\/2015\/09\/285-cappadocia-150x150.jpg\" alt=\"285 cappadocia\" title=\"Cappadocia\"\/><\/a>\n                         <div class=\"bmo_the_gallery_caption\"><p class=\"caption_title\">285 cappadocia<\/p><p>Cappadocia<\/p><\/div><\/div><div class=\"bmo_the_gallery_image\"><a href=\"http:\/\/christiansanti.it\/wp-content\/uploads\/2015\/09\/300-cappadocia.jpg\"><img src=\"http:\/\/christiansanti.it\/wp-content\/uploads\/2015\/09\/300-cappadocia-150x150.jpg\" alt=\"300 cappadocia\" title=\"Cappadocia\"\/><\/a>\n                         <div class=\"bmo_the_gallery_caption\"><p class=\"caption_title\">300 cappadocia<\/p><p>Cappadocia<\/p><\/div><\/div><div class=\"bmo_the_gallery_image\"><a href=\"http:\/\/christiansanti.it\/wp-content\/uploads\/2015\/09\/333-cappadocia.jpg\"><img src=\"http:\/\/christiansanti.it\/wp-content\/uploads\/2015\/09\/333-cappadocia-150x150.jpg\" alt=\"333 cappadocia\" title=\"Cappadocia\"\/><\/a>\n                         <div class=\"bmo_the_gallery_caption\"><p class=\"caption_title\">333 cappadocia<\/p><p>Cappadocia<\/p><\/div><\/div><div class=\"bmo_the_gallery_image\"><a href=\"http:\/\/christiansanti.it\/wp-content\/uploads\/2015\/09\/352-cappadocia.jpg\"><img src=\"http:\/\/christiansanti.it\/wp-content\/uploads\/2015\/09\/352-cappadocia-150x150.jpg\" alt=\"352 cappadocia\" title=\"Cappadocia i dervisci\"\/><\/a>\n                         <div class=\"bmo_the_gallery_caption\"><p class=\"caption_title\">352 cappadocia<\/p><p>Cappadocia i dervisci<\/p><\/div><\/div><div class=\"bmo_the_gallery_image\"><a href=\"http:\/\/christiansanti.it\/wp-content\/uploads\/2015\/09\/391-cappadocia.jpg\"><img src=\"http:\/\/christiansanti.it\/wp-content\/uploads\/2015\/09\/391-cappadocia-150x150.jpg\" alt=\"391 cappadocia\" title=\"Cappadocia\"\/><\/a>\n                         <div class=\"bmo_the_gallery_caption\"><p class=\"caption_title\">391 cappadocia<\/p><p>Cappadocia<\/p><\/div><\/div><div class=\"bmo_the_gallery_image\"><a href=\"http:\/\/christiansanti.it\/wp-content\/uploads\/2015\/09\/428-cappadocia.jpg\"><img src=\"http:\/\/christiansanti.it\/wp-content\/uploads\/2015\/09\/428-cappadocia-150x150.jpg\" alt=\"428 cappadocia\" title=\"Cappadocia\"\/><\/a>\n                         <div class=\"bmo_the_gallery_caption\"><p class=\"caption_title\">428 cappadocia<\/p><p>Cappadocia<\/p><\/div><\/div><div class=\"bmo_the_gallery_image\"><a href=\"http:\/\/christiansanti.it\/wp-content\/uploads\/2015\/09\/545-costa-turchese.jpg\"><img src=\"http:\/\/christiansanti.it\/wp-content\/uploads\/2015\/09\/545-costa-turchese-150x150.jpg\" alt=\"545 costa turchese\" title=\"kastellorizo\"\/><\/a>\n                         <div class=\"bmo_the_gallery_caption\"><p class=\"caption_title\">545 costa turchese<\/p><p>kastellorizo<\/p><\/div><\/div><div class=\"bmo_the_gallery_image\"><a href=\"http:\/\/christiansanti.it\/wp-content\/uploads\/2015\/09\/549-costa-turchese.jpg\"><img src=\"http:\/\/christiansanti.it\/wp-content\/uploads\/2015\/09\/549-costa-turchese-150x150.jpg\" alt=\"549 costa turchese\" title=\"kastellorizo\"\/><\/a>\n                         <div class=\"bmo_the_gallery_caption\"><p class=\"caption_title\">549 costa turchese<\/p><p>kastellorizo<\/p><\/div><\/div><div class=\"bmo_the_gallery_image\"><a href=\"http:\/\/christiansanti.it\/wp-content\/uploads\/2015\/09\/550-costa-turchese.jpg\"><img src=\"http:\/\/christiansanti.it\/wp-content\/uploads\/2015\/09\/550-costa-turchese-150x150.jpg\" alt=\"550 costa turchese\" title=\"kastellorizo\"\/><\/a>\n                         <div class=\"bmo_the_gallery_caption\"><p class=\"caption_title\">550 costa turchese<\/p><p>kastellorizo<\/p><\/div><\/div><div class=\"bmo_the_gallery_image\"><a href=\"http:\/\/christiansanti.it\/wp-content\/uploads\/2015\/09\/555-costa-turchese.jpg\"><img src=\"http:\/\/christiansanti.it\/wp-content\/uploads\/2015\/09\/555-costa-turchese-150x150.jpg\" alt=\"555 costa turchese\" title=\"kekeova citt\u00e0 sommersa\"\/><\/a>\n                         <div class=\"bmo_the_gallery_caption\"><p class=\"caption_title\">555 costa turchese<\/p><p>kekeova citt\u00e0 sommersa<\/p><\/div><\/div><div class=\"bmo_the_gallery_image\"><a href=\"http:\/\/christiansanti.it\/wp-content\/uploads\/2015\/09\/557-costa-turchese.jpg\"><img src=\"http:\/\/christiansanti.it\/wp-content\/uploads\/2015\/09\/557-costa-turchese-150x150.jpg\" alt=\"557 costa turchese\" title=\"costa turchese\"\/><\/a>\n                         <div class=\"bmo_the_gallery_caption\"><p class=\"caption_title\">557 costa turchese<\/p><p>costa turchese<\/p><\/div><\/div><div class=\"bmo_the_gallery_image\"><a href=\"http:\/\/christiansanti.it\/wp-content\/uploads\/2015\/09\/436-sitiarcheologici.jpg\"><img src=\"http:\/\/christiansanti.it\/wp-content\/uploads\/2015\/09\/436-sitiarcheologici-150x150.jpg\" alt=\"436 sitiarcheologici\" title=\"pamukkale\"\/><\/a>\n                         <div class=\"bmo_the_gallery_caption\"><p class=\"caption_title\">436 sitiarcheologici<\/p><p>pamukkale<\/p><\/div><\/div><div class=\"bmo_the_gallery_image\"><a href=\"http:\/\/christiansanti.it\/wp-content\/uploads\/2015\/09\/447-sitiarcheologici.jpg\"><img src=\"http:\/\/christiansanti.it\/wp-content\/uploads\/2015\/09\/447-sitiarcheologici-150x150.jpg\" alt=\"447 sitiarcheologici\" title=\"hierapolis\"\/><\/a>\n                         <div class=\"bmo_the_gallery_caption\"><p class=\"caption_title\">447 sitiarcheologici<\/p><p>hierapolis<\/p><\/div><\/div><div class=\"bmo_the_gallery_image\"><a href=\"http:\/\/christiansanti.it\/wp-content\/uploads\/2015\/09\/461-sitiarcheologici.jpg\"><img src=\"http:\/\/christiansanti.it\/wp-content\/uploads\/2015\/09\/461-sitiarcheologici-150x150.jpg\" alt=\"461 sitiarcheologici\" title=\"pamukkale\"\/><\/a>\n                         <div class=\"bmo_the_gallery_caption\"><p class=\"caption_title\">461 sitiarcheologici<\/p><p>pamukkale<\/p><\/div><\/div><div class=\"bmo_the_gallery_image\"><a href=\"http:\/\/christiansanti.it\/wp-content\/uploads\/2015\/09\/467-sitiarcheologici.jpg\"><img src=\"http:\/\/christiansanti.it\/wp-content\/uploads\/2015\/09\/467-sitiarcheologici-150x150.jpg\" alt=\"467 sitiarcheologici\" title=\"pamukkale\"\/><\/a>\n                         <div class=\"bmo_the_gallery_caption\"><p class=\"caption_title\">467 sitiarcheologici<\/p><p>pamukkale<\/p><\/div><\/div><div class=\"bmo_the_gallery_image\"><a href=\"http:\/\/christiansanti.it\/wp-content\/uploads\/2015\/09\/492-sitiarcheologici.jpg\"><img src=\"http:\/\/christiansanti.it\/wp-content\/uploads\/2015\/09\/492-sitiarcheologici-150x150.jpg\" alt=\"492 sitiarcheologici\" title=\"pamukkale\"\/><\/a>\n                         <div class=\"bmo_the_gallery_caption\"><p class=\"caption_title\">492 sitiarcheologici<\/p><p>pamukkale<\/p><\/div><\/div><div class=\"bmo_the_gallery_image\"><a href=\"http:\/\/christiansanti.it\/wp-content\/uploads\/2015\/09\/500-sitiarcheologici.jpg\"><img src=\"http:\/\/christiansanti.it\/wp-content\/uploads\/2015\/09\/500-sitiarcheologici-150x150.jpg\" alt=\"500 sitiarcheologici\" title=\"afrodisia\"\/><\/a>\n                         <div class=\"bmo_the_gallery_caption\"><p class=\"caption_title\">500 sitiarcheologici<\/p><p>afrodisia<\/p><\/div><\/div><div class=\"bmo_the_gallery_image\"><a href=\"http:\/\/christiansanti.it\/wp-content\/uploads\/2015\/09\/523-sitiarcheologici.jpg\"><img src=\"http:\/\/christiansanti.it\/wp-content\/uploads\/2015\/09\/523-sitiarcheologici-150x150.jpg\" alt=\"523 sitiarcheologici\" title=\"efeso\"\/><\/a>\n                         <div class=\"bmo_the_gallery_caption\"><p class=\"caption_title\">523 sitiarcheologici<\/p><p>efeso<\/p><\/div><\/div><div class=\"bmo_the_gallery_image\"><a href=\"http:\/\/christiansanti.it\/wp-content\/uploads\/2015\/09\/529-sitiarcheologici.jpg\"><img src=\"http:\/\/christiansanti.it\/wp-content\/uploads\/2015\/09\/529-sitiarcheologici-150x150.jpg\" alt=\"529 sitiarcheologici\" title=\"efeso\"\/><\/a>\n                         <div class=\"bmo_the_gallery_caption\"><p class=\"caption_title\">529 sitiarcheologici<\/p><p>efeso<\/p><\/div><\/div><div class=\"bmo_the_gallery_image\"><a href=\"http:\/\/christiansanti.it\/wp-content\/uploads\/2015\/09\/540-sitiarcheologici.jpg\"><img src=\"http:\/\/christiansanti.it\/wp-content\/uploads\/2015\/09\/540-sitiarcheologici-150x150.jpg\" alt=\"540 sitiarcheologici\" title=\"efeso\"\/><\/a>\n                         <div class=\"bmo_the_gallery_caption\"><p class=\"caption_title\">540 sitiarcheologici<\/p><p>efeso<\/p><\/div><\/div>\t\t<\/div>\n            \t\t<\/div>\n                <\/div>\n<p>&nbsp;<\/p>\n","protected":false},"excerpt":{"rendered":"<p>il 2015 mi ha portato un bella novit\u00e0 in tema di viaggi. Dopo 12 anni e tante mete sono diventato coordinatore di &#8220;Avventure nel Mondo&#8221;. Questo \u00e8 stato il mio primo tour in questa veste e sono molto soddisfatto per due motivi: innanzitutto ho avuto un gruppo di persone positive e predisposte al viaggio; secondariamente [&hellip;]<\/p>\n","protected":false},"author":3,"featured_media":0,"parent":0,"menu_order":0,"comment_status":"open","ping_status":"open","template":"","meta":[],"_links":{"self":[{"href":"http:\/\/christiansanti.it\/index.php?rest_route=\/wp\/v2\/pages\/1314"}],"collection":[{"href":"http:\/\/christiansanti.it\/index.php?rest_route=\/wp\/v2\/pages"}],"about":[{"href":"http:\/\/christiansanti.it\/index.php?rest_route=\/wp\/v2\/types\/page"}],"author":[{"embeddable":true,"href":"http:\/\/christiansanti.it\/index.php?rest_route=\/wp\/v2\/users\/3"}],"replies":[{"embeddable":true,"href":"http:\/\/christiansanti.it\/index.php?rest_route=%2Fwp%2Fv2%2Fcomments&post=1314"}],"version-history":[{"count":2,"href":"http:\/\/christiansanti.it\/index.php?rest_route=\/wp\/v2\/pages\/1314\/revisions"}],"predecessor-version":[{"id":1356,"href":"http:\/\/christiansanti.it\/index.php?rest_route=\/wp\/v2\/pages\/1314\/revisions\/1356"}],"wp:attachment":[{"href":"http:\/\/christiansanti.it\/index.php?rest_route=%2Fwp%2Fv2%2Fmedia&parent=1314"}],"curies":[{"name":"wp","href":"https:\/\/api.w.org\/{rel}","templated":true}]}}