{"id":740,"date":"2014-02-25T19:56:26","date_gmt":"2014-02-25T18:26:26","guid":{"rendered":"http:\/\/christiansanti.it\/?page_id=740"},"modified":"2014-02-25T19:56:26","modified_gmt":"2014-02-25T18:26:26","slug":"peru","status":"publish","type":"page","link":"http:\/\/christiansanti.it\/?page_id=740","title":{"rendered":"Peru&#8217;"},"content":{"rendered":"<p style=\"text-align: justify;\">Uno dei must per ogni viaggiatore che si rispetti direi. Ho fatto questo itinerario, detto &#8220;camino real&#8221; nel 2009 ed ancora oggi lo ricordo come uno dei pi\u00f9&#8217; belli.<\/p>\n<p style=\"text-align: justify;\">certo il Peru&#8217; \u00e8 visitato dai turisti da molti anni ed ha perso un po&#8217; della genuinit\u00e0 che \u00e8 possibile trovare ancora in Bolivia.<\/p>\n<p style=\"text-align: justify;\">per esempio difficilmente troverete ancora donne nei costumi tipici, a meno che non ci si trovi nei luoghi prettamente frequentati dai turisti.<\/p>\n<p style=\"text-align: justify;\">non amo questi \u00a0 look artefatti poich\u00e8 rappresentano solo una sorta di fenomeno da baraccone ad uso e consumo dei forestieri.<\/p>\n<p style=\"text-align: justify;\">Un paese molto grande che ho percorso in uno dei tour classici, partendo dalla grigia capitale Lima, di cui ricordo solo il lungomare con i ristoranti di pesce, e spostandosi verso sud con le isole Ballestas, dove \u00e8 possibile vedere pinguini e foche, le dune sulla spiaggia, le famose linee di Nazca, la terme di Chivas, la splendida citt\u00e0 di Arequipa, Cuzco, il centro pi\u00f9&#8217; bello di tutto il Peru&#8217; e la chicca finale del sito di Machu Picchu.<\/p>\n<p style=\"text-align: justify;\">Potrei dirvi che l&#8217; emozione di salire a Machu Picchu di prima mattina, quando le nuvole avvolgono ancora i suoi picchi, vale da sola l&#8217; intero viaggio. una citt\u00e0 misteriosa: ancora oggi non si sa perch\u00e9 sia stata costruita e perch\u00e9 sia stata abbandonata dai suoi abitanti.<\/p>\n<p style=\"text-align: justify;\">L&#8217; antica citt\u00e0 di Cuzco ha una struttura tipica dello stile coloniale ed \u00e8 ricca di arte: piacevole passeggiare per le sue vie strette e sotto i portici.<\/p>\n<p style=\"text-align: justify;\">Nel viaggio ho apprezzato anche il volo sulle misteriose linee di Nazca: giganteschi disegni tracciati in tempi antichi e visibili soltanto attraverso un volo su piccoli aerei che metteranno alla prova la tenuta del vostro stomaco durante le virate.<\/p>\n<p style=\"text-align: justify;\">se pensate ad un viaggio in America latina credo che il Peru&#8217; meriti la vostra assoluta considerazione.<\/p>\n<div id=\"scrollLightboxGallery_1265367177_1\" class=\"bmo_the_gallery bmo_scrollLightboxGallery\">\n            \t\t<div class=\"bmo_the_gallery_thumb_area\">\n                \t\t<div class=\"bmo_the_gallery_thumbs\"><div class=\"bmo_the_gallery_image\"><a href=\"http:\/\/christiansanti.it\/wp-content\/uploads\/2014\/02\/113machu-picchu.jpg\"><img src=\"http:\/\/christiansanti.it\/wp-content\/uploads\/2014\/02\/113machu-picchu-150x150.jpg\" alt=\"113machu picchu\" title=\"machu p.\"\/><\/a>\n                         <div class=\"bmo_the_gallery_caption\"><p class=\"caption_title\">113machu picchu<\/p><p>machu p.<\/p><\/div><\/div><div class=\"bmo_the_gallery_image\"><a href=\"http:\/\/christiansanti.it\/wp-content\/uploads\/2014\/02\/112machu-picchu.jpg\"><img src=\"http:\/\/christiansanti.it\/wp-content\/uploads\/2014\/02\/112machu-picchu-150x150.jpg\" alt=\"112machu picchu\" title=\"machu p.\"\/><\/a>\n                         <div class=\"bmo_the_gallery_caption\"><p class=\"caption_title\">112machu picchu<\/p><p>machu p.<\/p><\/div><\/div><div class=\"bmo_the_gallery_image\"><a href=\"http:\/\/christiansanti.it\/wp-content\/uploads\/2014\/02\/111machu-picchu.jpg\"><img src=\"http:\/\/christiansanti.it\/wp-content\/uploads\/2014\/02\/111machu-picchu-150x150.jpg\" alt=\"111machu picchu\" title=\"machu p.\"\/><\/a>\n                         <div class=\"bmo_the_gallery_caption\"><p class=\"caption_title\">111machu picchu<\/p><p>machu p.<\/p><\/div><\/div><div class=\"bmo_the_gallery_image\"><a href=\"http:\/\/christiansanti.it\/wp-content\/uploads\/2014\/02\/110machu-picchu.jpg\"><img src=\"http:\/\/christiansanti.it\/wp-content\/uploads\/2014\/02\/110machu-picchu-150x150.jpg\" alt=\"110machu picchu\" title=\"machu p.\"\/><\/a>\n                         <div class=\"bmo_the_gallery_caption\"><p class=\"caption_title\">110machu picchu<\/p><p>machu p.<\/p><\/div><\/div><div class=\"bmo_the_gallery_image\"><a href=\"http:\/\/christiansanti.it\/wp-content\/uploads\/2014\/02\/109machu-picchu.jpg\"><img src=\"http:\/\/christiansanti.it\/wp-content\/uploads\/2014\/02\/109machu-picchu-150x150.jpg\" alt=\"109machu picchu\" title=\"machu p.\"\/><\/a>\n                         <div class=\"bmo_the_gallery_caption\"><p class=\"caption_title\">109machu picchu<\/p><p>machu p.<\/p><\/div><\/div><div class=\"bmo_the_gallery_image\"><a href=\"http:\/\/christiansanti.it\/wp-content\/uploads\/2014\/02\/108machu-picchu.jpg\"><img src=\"http:\/\/christiansanti.it\/wp-content\/uploads\/2014\/02\/108machu-picchu-150x150.jpg\" alt=\"108machu picchu\" title=\"machu p.\"\/><\/a>\n                         <div class=\"bmo_the_gallery_caption\"><p class=\"caption_title\">108machu picchu<\/p><p>machu p.<\/p><\/div><\/div><div class=\"bmo_the_gallery_image\"><a href=\"http:\/\/christiansanti.it\/wp-content\/uploads\/2014\/02\/107machu-picchu.jpg\"><img src=\"http:\/\/christiansanti.it\/wp-content\/uploads\/2014\/02\/107machu-picchu-150x150.jpg\" alt=\"107machu picchu\" title=\"machu p.\"\/><\/a>\n                         <div class=\"bmo_the_gallery_caption\"><p class=\"caption_title\">107machu picchu<\/p><p>machu p.<\/p><\/div><\/div><div class=\"bmo_the_gallery_image\"><a href=\"http:\/\/christiansanti.it\/wp-content\/uploads\/2014\/02\/106peru.jpg\"><img src=\"http:\/\/christiansanti.it\/wp-content\/uploads\/2014\/02\/106peru-150x150.jpg\" alt=\"106peru'\" title=\"cuzco\"\/><\/a>\n                         <div class=\"bmo_the_gallery_caption\"><p class=\"caption_title\">106peru'<\/p><p>cuzco<\/p><\/div><\/div><div class=\"bmo_the_gallery_image\"><a href=\"http:\/\/christiansanti.it\/wp-content\/uploads\/2014\/02\/105peru.jpg\"><img src=\"http:\/\/christiansanti.it\/wp-content\/uploads\/2014\/02\/105peru-150x150.jpg\" alt=\"105peru'\" title=\"cuzco\"\/><\/a>\n                         <div class=\"bmo_the_gallery_caption\"><p class=\"caption_title\">105peru'<\/p><p>cuzco<\/p><\/div><\/div><div class=\"bmo_the_gallery_image\"><a href=\"http:\/\/christiansanti.it\/wp-content\/uploads\/2014\/02\/104peru.jpg\"><img src=\"http:\/\/christiansanti.it\/wp-content\/uploads\/2014\/02\/104peru-150x150.jpg\" alt=\"104peru'\" title=\"\"\/><\/a>\n                         <div class=\"bmo_the_gallery_caption\"><p class=\"caption_title\">104peru'<\/p><p><\/p><\/div><\/div><div class=\"bmo_the_gallery_image\"><a href=\"http:\/\/christiansanti.it\/wp-content\/uploads\/2014\/02\/103peru.jpg\"><img src=\"http:\/\/christiansanti.it\/wp-content\/uploads\/2014\/02\/103peru-150x150.jpg\" alt=\"103peru'\" title=\"\"\/><\/a>\n                         <div class=\"bmo_the_gallery_caption\"><p class=\"caption_title\">103peru'<\/p><p><\/p><\/div><\/div><div class=\"bmo_the_gallery_image\"><a href=\"http:\/\/christiansanti.it\/wp-content\/uploads\/2014\/02\/102peru.jpg\"><img src=\"http:\/\/christiansanti.it\/wp-content\/uploads\/2014\/02\/102peru-150x150.jpg\" alt=\"102peru'\" title=\"cuzco\"\/><\/a>\n                         <div class=\"bmo_the_gallery_caption\"><p class=\"caption_title\">102peru'<\/p><p>cuzco<\/p><\/div><\/div><div class=\"bmo_the_gallery_image\"><a href=\"http:\/\/christiansanti.it\/wp-content\/uploads\/2014\/02\/101peru.jpg\"><img src=\"http:\/\/christiansanti.it\/wp-content\/uploads\/2014\/02\/101peru-150x150.jpg\" alt=\"101peru'\" title=\"cuzco\"\/><\/a>\n                         <div class=\"bmo_the_gallery_caption\"><p class=\"caption_title\">101peru'<\/p><p>cuzco<\/p><\/div><\/div><div class=\"bmo_the_gallery_image\"><a href=\"http:\/\/christiansanti.it\/wp-content\/uploads\/2014\/02\/100peru.jpg\"><img src=\"http:\/\/christiansanti.it\/wp-content\/uploads\/2014\/02\/100peru-150x150.jpg\" alt=\"100peru'\" title=\"cuzco\"\/><\/a>\n                         <div class=\"bmo_the_gallery_caption\"><p class=\"caption_title\">100peru'<\/p><p>cuzco<\/p><\/div><\/div><div class=\"bmo_the_gallery_image\"><a href=\"http:\/\/christiansanti.it\/wp-content\/uploads\/2014\/02\/037peru.jpg\"><img src=\"http:\/\/christiansanti.it\/wp-content\/uploads\/2014\/02\/037peru-150x150.jpg\" alt=\"037peru'\" title=\"\"\/><\/a>\n                         <div class=\"bmo_the_gallery_caption\"><p class=\"caption_title\">037peru'<\/p><p><\/p><\/div><\/div><div class=\"bmo_the_gallery_image\"><a href=\"http:\/\/christiansanti.it\/wp-content\/uploads\/2014\/02\/036peru.jpg\"><img src=\"http:\/\/christiansanti.it\/wp-content\/uploads\/2014\/02\/036peru-150x150.jpg\" alt=\"036peru'\" title=\"\"\/><\/a>\n                         <div class=\"bmo_the_gallery_caption\"><p class=\"caption_title\">036peru'<\/p><p><\/p><\/div><\/div><div class=\"bmo_the_gallery_image\"><a href=\"http:\/\/christiansanti.it\/wp-content\/uploads\/2014\/02\/035peru.jpg\"><img src=\"http:\/\/christiansanti.it\/wp-content\/uploads\/2014\/02\/035peru-150x150.jpg\" alt=\"035peru'\" title=\"\"\/><\/a>\n                         <div class=\"bmo_the_gallery_caption\"><p class=\"caption_title\">035peru'<\/p><p><\/p><\/div><\/div><div class=\"bmo_the_gallery_image\"><a href=\"http:\/\/christiansanti.it\/wp-content\/uploads\/2014\/02\/034peru.jpg\"><img src=\"http:\/\/christiansanti.it\/wp-content\/uploads\/2014\/02\/034peru-150x150.jpg\" alt=\"034peru'\" title=\"\"\/><\/a>\n                         <div class=\"bmo_the_gallery_caption\"><p class=\"caption_title\">034peru'<\/p><p><\/p><\/div><\/div><div class=\"bmo_the_gallery_image\"><a href=\"http:\/\/christiansanti.it\/wp-content\/uploads\/2014\/02\/033peru.jpg\"><img src=\"http:\/\/christiansanti.it\/wp-content\/uploads\/2014\/02\/033peru-150x150.jpg\" alt=\"033peru'\" title=\"lago titicaca\"\/><\/a>\n                         <div class=\"bmo_the_gallery_caption\"><p class=\"caption_title\">033peru'<\/p><p>lago titicaca<\/p><\/div><\/div><div class=\"bmo_the_gallery_image\"><a href=\"http:\/\/christiansanti.it\/wp-content\/uploads\/2014\/02\/032peru.jpg\"><img src=\"http:\/\/christiansanti.it\/wp-content\/uploads\/2014\/02\/032peru-150x150.jpg\" alt=\"032peru'\" title=\"lago titicaca\"\/><\/a>\n                         <div class=\"bmo_the_gallery_caption\"><p class=\"caption_title\">032peru'<\/p><p>lago titicaca<\/p><\/div><\/div><div class=\"bmo_the_gallery_image\"><a href=\"http:\/\/christiansanti.it\/wp-content\/uploads\/2014\/02\/031peru.jpg\"><img src=\"http:\/\/christiansanti.it\/wp-content\/uploads\/2014\/02\/031peru-150x150.jpg\" alt=\"031peru'\" title=\"lago titicaca\"\/><\/a>\n                         <div class=\"bmo_the_gallery_caption\"><p class=\"caption_title\">031peru'<\/p><p>lago titicaca<\/p><\/div><\/div><div class=\"bmo_the_gallery_image\"><a href=\"http:\/\/christiansanti.it\/wp-content\/uploads\/2014\/02\/030peru.jpg\"><img src=\"http:\/\/christiansanti.it\/wp-content\/uploads\/2014\/02\/030peru-150x150.jpg\" alt=\"030peru'\" title=\"lago titicaca\"\/><\/a>\n                         <div class=\"bmo_the_gallery_caption\"><p class=\"caption_title\">030peru'<\/p><p>lago titicaca<\/p><\/div><\/div><div class=\"bmo_the_gallery_image\"><a href=\"http:\/\/christiansanti.it\/wp-content\/uploads\/2014\/02\/029peru.jpg\"><img src=\"http:\/\/christiansanti.it\/wp-content\/uploads\/2014\/02\/029peru-150x150.jpg\" alt=\"029peru'\" title=\"lago titicaca\"\/><\/a>\n                         <div class=\"bmo_the_gallery_caption\"><p class=\"caption_title\">029peru'<\/p><p>lago titicaca<\/p><\/div><\/div><div class=\"bmo_the_gallery_image\"><a href=\"http:\/\/christiansanti.it\/wp-content\/uploads\/2014\/02\/028peru.jpg\"><img src=\"http:\/\/christiansanti.it\/wp-content\/uploads\/2014\/02\/028peru-150x150.jpg\" alt=\"028peru'\" title=\"lago titicaca\"\/><\/a>\n                         <div class=\"bmo_the_gallery_caption\"><p class=\"caption_title\">028peru'<\/p><p>lago titicaca<\/p><\/div><\/div><div class=\"bmo_the_gallery_image\"><a href=\"http:\/\/christiansanti.it\/wp-content\/uploads\/2014\/02\/027peru.jpg\"><img src=\"http:\/\/christiansanti.it\/wp-content\/uploads\/2014\/02\/027peru-150x150.jpg\" alt=\"027peru'\" title=\"lago titicaca\"\/><\/a>\n                         <div class=\"bmo_the_gallery_caption\"><p class=\"caption_title\">027peru'<\/p><p>lago titicaca<\/p><\/div><\/div><div class=\"bmo_the_gallery_image\"><a href=\"http:\/\/christiansanti.it\/wp-content\/uploads\/2014\/02\/026peru.jpg\"><img src=\"http:\/\/christiansanti.it\/wp-content\/uploads\/2014\/02\/026peru-150x150.jpg\" alt=\"026peru'\" title=\"lago titicaca\"\/><\/a>\n                         <div class=\"bmo_the_gallery_caption\"><p class=\"caption_title\">026peru'<\/p><p>lago titicaca<\/p><\/div><\/div><div class=\"bmo_the_gallery_image\"><a href=\"http:\/\/christiansanti.it\/wp-content\/uploads\/2014\/02\/025peru.jpg\"><img src=\"http:\/\/christiansanti.it\/wp-content\/uploads\/2014\/02\/025peru-150x150.jpg\" alt=\"025peru'\" title=\"lago titicaca\"\/><\/a>\n                         <div class=\"bmo_the_gallery_caption\"><p class=\"caption_title\">025peru'<\/p><p>lago titicaca<\/p><\/div><\/div><div class=\"bmo_the_gallery_image\"><a href=\"http:\/\/christiansanti.it\/wp-content\/uploads\/2014\/02\/024peru.jpg\"><img src=\"http:\/\/christiansanti.it\/wp-content\/uploads\/2014\/02\/024peru-150x150.jpg\" alt=\"024peru'\" title=\"\"\/><\/a>\n                         <div class=\"bmo_the_gallery_caption\"><p class=\"caption_title\">024peru'<\/p><p><\/p><\/div><\/div><div class=\"bmo_the_gallery_image\"><a href=\"http:\/\/christiansanti.it\/wp-content\/uploads\/2014\/02\/023peru.jpg\"><img src=\"http:\/\/christiansanti.it\/wp-content\/uploads\/2014\/02\/023peru-150x150.jpg\" alt=\"023peru'\" title=\"condor nel canyon del colca\"\/><\/a>\n                         <div class=\"bmo_the_gallery_caption\"><p class=\"caption_title\">023peru'<\/p><p>condor nel canyon del colca<\/p><\/div><\/div><div class=\"bmo_the_gallery_image\"><a href=\"http:\/\/christiansanti.it\/wp-content\/uploads\/2014\/02\/022peru.jpg\"><img src=\"http:\/\/christiansanti.it\/wp-content\/uploads\/2014\/02\/022peru-150x150.jpg\" alt=\"022peru'\" title=\"condor nel canyon del colca\"\/><\/a>\n                         <div class=\"bmo_the_gallery_caption\"><p class=\"caption_title\">022peru'<\/p><p>condor nel canyon del colca<\/p><\/div><\/div><div class=\"bmo_the_gallery_image\"><a href=\"http:\/\/christiansanti.it\/wp-content\/uploads\/2014\/02\/021peru.jpg\"><img src=\"http:\/\/christiansanti.it\/wp-content\/uploads\/2014\/02\/021peru-150x150.jpg\" alt=\"021peru'\" title=\"condor nel canyon del colca\"\/><\/a>\n                         <div class=\"bmo_the_gallery_caption\"><p class=\"caption_title\">021peru'<\/p><p>condor nel canyon del colca<\/p><\/div><\/div><div class=\"bmo_the_gallery_image\"><a href=\"http:\/\/christiansanti.it\/wp-content\/uploads\/2014\/02\/020peru.jpg\"><img src=\"http:\/\/christiansanti.it\/wp-content\/uploads\/2014\/02\/020peru-150x150.jpg\" alt=\"020peru'\" title=\"\"\/><\/a>\n                         <div class=\"bmo_the_gallery_caption\"><p class=\"caption_title\">020peru'<\/p><p><\/p><\/div><\/div><div class=\"bmo_the_gallery_image\"><a href=\"http:\/\/christiansanti.it\/wp-content\/uploads\/2014\/02\/019peru.jpg\"><img src=\"http:\/\/christiansanti.it\/wp-content\/uploads\/2014\/02\/019peru-150x150.jpg\" alt=\"019peru'\" title=\"\"\/><\/a>\n                         <div class=\"bmo_the_gallery_caption\"><p class=\"caption_title\">019peru'<\/p><p><\/p><\/div><\/div><div class=\"bmo_the_gallery_image\"><a href=\"http:\/\/christiansanti.it\/wp-content\/uploads\/2014\/02\/018peru.jpg\"><img src=\"http:\/\/christiansanti.it\/wp-content\/uploads\/2014\/02\/018peru-150x150.jpg\" alt=\"018peru'\" title=\"\"\/><\/a>\n                         <div class=\"bmo_the_gallery_caption\"><p class=\"caption_title\">018peru'<\/p><p><\/p><\/div><\/div><div class=\"bmo_the_gallery_image\"><a href=\"http:\/\/christiansanti.it\/wp-content\/uploads\/2014\/02\/017peru.jpg\"><img src=\"http:\/\/christiansanti.it\/wp-content\/uploads\/2014\/02\/017peru-150x150.jpg\" alt=\"017peru'\" title=\"arequipa\"\/><\/a>\n                         <div class=\"bmo_the_gallery_caption\"><p class=\"caption_title\">017peru'<\/p><p>arequipa<\/p><\/div><\/div><div class=\"bmo_the_gallery_image\"><a href=\"http:\/\/christiansanti.it\/wp-content\/uploads\/2014\/02\/016peru.jpg\"><img src=\"http:\/\/christiansanti.it\/wp-content\/uploads\/2014\/02\/016peru-150x150.jpg\" alt=\"016peru'\" title=\"arequipa\"\/><\/a>\n                         <div class=\"bmo_the_gallery_caption\"><p class=\"caption_title\">016peru'<\/p><p>arequipa<\/p><\/div><\/div><div class=\"bmo_the_gallery_image\"><a href=\"http:\/\/christiansanti.it\/wp-content\/uploads\/2014\/02\/015peru.jpg\"><img src=\"http:\/\/christiansanti.it\/wp-content\/uploads\/2014\/02\/015peru-150x150.jpg\" alt=\"015peru'\" title=\"arequipa\"\/><\/a>\n                         <div class=\"bmo_the_gallery_caption\"><p class=\"caption_title\">015peru'<\/p><p>arequipa<\/p><\/div><\/div><div class=\"bmo_the_gallery_image\"><a href=\"http:\/\/christiansanti.it\/wp-content\/uploads\/2014\/02\/014peru.jpg\"><img src=\"http:\/\/christiansanti.it\/wp-content\/uploads\/2014\/02\/014peru-150x150.jpg\" alt=\"014peru'\" title=\"arequipa\"\/><\/a>\n                         <div class=\"bmo_the_gallery_caption\"><p class=\"caption_title\">014peru'<\/p><p>arequipa<\/p><\/div><\/div><div class=\"bmo_the_gallery_image\"><a href=\"http:\/\/christiansanti.it\/wp-content\/uploads\/2014\/02\/013peru.jpg\"><img src=\"http:\/\/christiansanti.it\/wp-content\/uploads\/2014\/02\/013peru-150x150.jpg\" alt=\"013peru'\" title=\"\"\/><\/a>\n                         <div class=\"bmo_the_gallery_caption\"><p class=\"caption_title\">013peru'<\/p><p><\/p><\/div><\/div><div class=\"bmo_the_gallery_image\"><a href=\"http:\/\/christiansanti.it\/wp-content\/uploads\/2014\/02\/012peru.jpg\"><img src=\"http:\/\/christiansanti.it\/wp-content\/uploads\/2014\/02\/012peru-150x150.jpg\" alt=\"012peru'\" title=\"\"\/><\/a>\n                         <div class=\"bmo_the_gallery_caption\"><p class=\"caption_title\">012peru'<\/p><p><\/p><\/div><\/div><div class=\"bmo_the_gallery_image\"><a href=\"http:\/\/christiansanti.it\/wp-content\/uploads\/2014\/02\/011peru.jpg\"><img src=\"http:\/\/christiansanti.it\/wp-content\/uploads\/2014\/02\/011peru-150x150.jpg\" alt=\"011peru'\" title=\"linee di nazca dall&#8217; aereo\"\/><\/a>\n                         <div class=\"bmo_the_gallery_caption\"><p class=\"caption_title\">011peru'<\/p><p>linee di nazca dall&#8217; aereo<\/p><\/div><\/div><div class=\"bmo_the_gallery_image\"><a href=\"http:\/\/christiansanti.it\/wp-content\/uploads\/2014\/02\/010peru.jpg\"><img src=\"http:\/\/christiansanti.it\/wp-content\/uploads\/2014\/02\/010peru-150x150.jpg\" alt=\"010peru'\" title=\"\"\/><\/a>\n                         <div class=\"bmo_the_gallery_caption\"><p class=\"caption_title\">010peru'<\/p><p><\/p><\/div><\/div><div class=\"bmo_the_gallery_image\"><a href=\"http:\/\/christiansanti.it\/wp-content\/uploads\/2014\/02\/009peru.jpg\"><img src=\"http:\/\/christiansanti.it\/wp-content\/uploads\/2014\/02\/009peru-150x150.jpg\" alt=\"009peru'\" title=\"isole ballestas\"\/><\/a>\n                         <div class=\"bmo_the_gallery_caption\"><p class=\"caption_title\">009peru'<\/p><p>isole ballestas<\/p><\/div><\/div><div class=\"bmo_the_gallery_image\"><a href=\"http:\/\/christiansanti.it\/wp-content\/uploads\/2014\/02\/008peru.jpg\"><img src=\"http:\/\/christiansanti.it\/wp-content\/uploads\/2014\/02\/008peru-150x150.jpg\" alt=\"008peru'\" title=\"isole ballestas\"\/><\/a>\n                         <div class=\"bmo_the_gallery_caption\"><p class=\"caption_title\">008peru'<\/p><p>isole ballestas<\/p><\/div><\/div><div class=\"bmo_the_gallery_image\"><a href=\"http:\/\/christiansanti.it\/wp-content\/uploads\/2014\/02\/007peru.jpg\"><img src=\"http:\/\/christiansanti.it\/wp-content\/uploads\/2014\/02\/007peru-150x150.jpg\" alt=\"007peru'\" title=\"isole ballestas\"\/><\/a>\n                         <div class=\"bmo_the_gallery_caption\"><p class=\"caption_title\">007peru'<\/p><p>isole ballestas<\/p><\/div><\/div><div class=\"bmo_the_gallery_image\"><a href=\"http:\/\/christiansanti.it\/wp-content\/uploads\/2014\/02\/006peru.jpg\"><img src=\"http:\/\/christiansanti.it\/wp-content\/uploads\/2014\/02\/006peru-150x150.jpg\" alt=\"006peru'\" title=\"isole ballestas\"\/><\/a>\n                         <div class=\"bmo_the_gallery_caption\"><p class=\"caption_title\">006peru'<\/p><p>isole ballestas<\/p><\/div><\/div><div class=\"bmo_the_gallery_image\"><a href=\"http:\/\/christiansanti.it\/wp-content\/uploads\/2014\/02\/005peru.jpg\"><img src=\"http:\/\/christiansanti.it\/wp-content\/uploads\/2014\/02\/005peru-150x150.jpg\" alt=\"005peru'\" title=\"isole ballestas\"\/><\/a>\n                         <div class=\"bmo_the_gallery_caption\"><p class=\"caption_title\">005peru'<\/p><p>isole ballestas<\/p><\/div><\/div><div class=\"bmo_the_gallery_image\"><a href=\"http:\/\/christiansanti.it\/wp-content\/uploads\/2014\/02\/004peru.jpg\"><img src=\"http:\/\/christiansanti.it\/wp-content\/uploads\/2014\/02\/004peru-150x150.jpg\" alt=\"004peru'\" title=\"isole ballestas\"\/><\/a>\n                         <div class=\"bmo_the_gallery_caption\"><p class=\"caption_title\">004peru'<\/p><p>isole ballestas<\/p><\/div><\/div><div class=\"bmo_the_gallery_image\"><a href=\"http:\/\/christiansanti.it\/wp-content\/uploads\/2014\/02\/003peru.jpg\"><img src=\"http:\/\/christiansanti.it\/wp-content\/uploads\/2014\/02\/003peru-150x150.jpg\" alt=\"003peru'\" title=\"lima\"\/><\/a>\n                         <div class=\"bmo_the_gallery_caption\"><p class=\"caption_title\">003peru'<\/p><p>lima<\/p><\/div><\/div><div class=\"bmo_the_gallery_image\"><a href=\"http:\/\/christiansanti.it\/wp-content\/uploads\/2014\/02\/002peru.jpg\"><img src=\"http:\/\/christiansanti.it\/wp-content\/uploads\/2014\/02\/002peru-150x150.jpg\" alt=\"002peru'\" title=\"lima\"\/><\/a>\n                         <div class=\"bmo_the_gallery_caption\"><p class=\"caption_title\">002peru'<\/p><p>lima<\/p><\/div><\/div><div class=\"bmo_the_gallery_image\"><a href=\"http:\/\/christiansanti.it\/wp-content\/uploads\/2014\/02\/001peru.jpg\"><img src=\"http:\/\/christiansanti.it\/wp-content\/uploads\/2014\/02\/001peru-150x150.jpg\" alt=\"001peru'\" title=\"lima\"\/><\/a>\n                         <div class=\"bmo_the_gallery_caption\"><p class=\"caption_title\">001peru'<\/p><p>lima<\/p><\/div><\/div>\t\t<\/div>\n            \t\t<\/div>\n                <\/div>\n<p style=\"text-align: justify;\">galleria immagini Peru&#8217; &#8211; 2009<\/p>\n<p style=\"text-align: justify;\">\n","protected":false},"excerpt":{"rendered":"<p>Uno dei must per ogni viaggiatore che si rispetti direi. Ho fatto questo itinerario, detto &#8220;camino real&#8221; nel 2009 ed ancora oggi lo ricordo come uno dei pi\u00f9&#8217; belli. certo il Peru&#8217; \u00e8 visitato dai turisti da molti anni ed ha perso un po&#8217; della genuinit\u00e0 che \u00e8 possibile trovare ancora in Bolivia. per esempio [&hellip;]<\/p>\n","protected":false},"author":3,"featured_media":0,"parent":2,"menu_order":0,"comment_status":"open","ping_status":"open","template":"","meta":[],"_links":{"self":[{"href":"http:\/\/christiansanti.it\/index.php?rest_route=\/wp\/v2\/pages\/740"}],"collection":[{"href":"http:\/\/christiansanti.it\/index.php?rest_route=\/wp\/v2\/pages"}],"about":[{"href":"http:\/\/christiansanti.it\/index.php?rest_route=\/wp\/v2\/types\/page"}],"author":[{"embeddable":true,"href":"http:\/\/christiansanti.it\/index.php?rest_route=\/wp\/v2\/users\/3"}],"replies":[{"embeddable":true,"href":"http:\/\/christiansanti.it\/index.php?rest_route=%2Fwp%2Fv2%2Fcomments&post=740"}],"version-history":[{"count":1,"href":"http:\/\/christiansanti.it\/index.php?rest_route=\/wp\/v2\/pages\/740\/revisions"}],"predecessor-version":[{"id":792,"href":"http:\/\/christiansanti.it\/index.php?rest_route=\/wp\/v2\/pages\/740\/revisions\/792"}],"up":[{"embeddable":true,"href":"http:\/\/christiansanti.it\/index.php?rest_route=\/wp\/v2\/pages\/2"}],"wp:attachment":[{"href":"http:\/\/christiansanti.it\/index.php?rest_route=%2Fwp%2Fv2%2Fmedia&parent=740"}],"curies":[{"name":"wp","href":"https:\/\/api.w.org\/{rel}","templated":true}]}}